{"id":164,"date":"2021-09-08T10:22:00","date_gmt":"2021-09-08T10:22:00","guid":{"rendered":"https:\/\/ignatianspiritualityandyoga.com\/?post_type=team&#038;p=164"},"modified":"2025-08-20T21:12:15","modified_gmt":"2025-08-21T01:12:15","slug":"alan-haras","status":"publish","type":"team","link":"https:\/\/ignatianspiritualityandyoga.com\/es\/team\/alan-haras\/","title":{"rendered":"Alan Haras"},"content":{"rendered":"<p><span style=\"font-weight: 400;\">Alan Haras is a clinical social worker, psychotherapist, 800-hour Dharma Yoga Teacher, and Ignatian-trained spiritual director. With graduate degrees in both Religious Studies and Social Work, Alan has spent over 20 years immersed in the study of various theories of human development.\u00a0 His work takes place at the nexus between psychology and spirituality &#8211; with a special interest in how religion and spiritual practice can support recovery from PTSD and moral injury and foster post-traumatic growth. Alan currently works as a therapist at the VA (Veteran Affairs) in Detroit.<\/span><\/p>\n<p><span style=\"font-weight: 400;\">Alan has received extensive training in various psychological and spiritual traditions, including:<\/span><\/p>\n<ul>\n<li><span style=\"font-weight: 400;\">Ignatian Spirituality with Fr. Bernie Owens, SJ, Ann Dillon &amp; Fr. Justin Kelly, SJ<\/span><\/li>\n<li><span style=\"font-weight: 400;\">Hatha-R\u0101ja Yoga with Sri Dharma Mittra<\/span><\/li>\n<li><span style=\"font-weight: 400;\">Bhakti Yoga and \u015auddh\u0101dvaita Ved\u0101nta with Shyamdas<\/span><\/li>\n<li><span style=\"font-weight: 400;\">J\u00f1\u0101na Yoga and Advaita Ved\u0101nta with John Grimes, PhD<\/span><\/li>\n<\/ul>\n<p>&nbsp;<\/p>\n<p><span style=\"font-weight: 400;\">Alan&#8217;s courses, seminars and workshops are suffused with a deep appreciation for the world&#8217;s wisdom traditions; joyfully drawing upon a host of stories, anecdotes and teachings to illustrate shared themes of growth and transformation.\u00a0 He lives in Rochester, Michigan.<\/span><\/p>\n","protected":false},"excerpt":{"rendered":"<p>Alan Haras is a clinical social worker, psychotherapist, 800-hour Dharma Yoga Teacher, and Ignatian-trained spiritual director. With graduate degrees in both Religious Studies and Social Work, Alan has spent over 20 years immersed in the study of various theories of human development.\u00a0 His work takes place at the nexus between psychology and spirituality &#8211; with [&hellip;]<\/p>\n","protected":false},"featured_media":505,"template":"","class_list":["post-164","team","type-team","status-publish","has-post-thumbnail","hentry"],"yoast_head":"<!-- This site is optimized with the Yoast SEO plugin v17.4 - https:\/\/yoast.com\/wordpress\/plugins\/seo\/ -->\n<title>Alan Haras - Ignatian Spirituality &amp; Yoga<\/title>\n<meta name=\"robots\" content=\"index, follow, max-snippet:-1, max-image-preview:large, max-video-preview:-1\" \/>\n<link rel=\"canonical\" href=\"https:\/\/ignatianspiritualityandyoga.com\/es\/team\/alan-haras\/\" \/>\n<meta property=\"og:locale\" content=\"es_MX\" \/>\n<meta property=\"og:type\" content=\"article\" \/>\n<meta property=\"og:title\" content=\"Alan Haras - Ignatian Spirituality &amp; Yoga\" \/>\n<meta property=\"og:description\" content=\"Alan Haras is a clinical social worker, psychotherapist, 800-hour Dharma Yoga Teacher, and Ignatian-trained spiritual director. With graduate degrees in both Religious Studies and Social Work, Alan has spent over 20 years immersed in the study of various theories of human development.\u00a0 His work takes place at the nexus between psychology and spirituality &#8211; with [&hellip;]\" \/>\n<meta property=\"og:url\" content=\"https:\/\/ignatianspiritualityandyoga.com\/es\/team\/alan-haras\/\" \/>\n<meta property=\"og:site_name\" content=\"Ignatian Spirituality &amp; Yoga\" \/>\n<meta property=\"article:modified_time\" content=\"2025-08-21T01:12:15+00:00\" \/>\n<meta property=\"og:image\" content=\"https:\/\/ignatianspiritualityandyoga.com\/wp-content\/uploads\/2021\/09\/ignatian-spirituality-yoga-13.jpeg\" \/>\n\t<meta property=\"og:image:width\" content=\"508\" \/>\n\t<meta property=\"og:image:height\" content=\"402\" \/>\n<meta name=\"twitter:card\" content=\"summary_large_image\" \/>\n<meta name=\"twitter:label1\" content=\"Tiempo de lectura\" \/>\n\t<meta name=\"twitter:data1\" content=\"1 minuto\" \/>\n<script type=\"application\/ld+json\" class=\"yoast-schema-graph\">{\"@context\":\"https:\/\/schema.org\",\"@graph\":[{\"@type\":\"WebSite\",\"@id\":\"https:\/\/ignatianspiritualityandyoga.com\/#website\",\"url\":\"https:\/\/ignatianspiritualityandyoga.com\/\",\"name\":\"Ignatian Spirituality &amp; Yoga\",\"description\":\"\",\"potentialAction\":[{\"@type\":\"SearchAction\",\"target\":{\"@type\":\"EntryPoint\",\"urlTemplate\":\"https:\/\/ignatianspiritualityandyoga.com\/?s={search_term_string}\"},\"query-input\":\"required name=search_term_string\"}],\"inLanguage\":\"es\"},{\"@type\":\"ImageObject\",\"@id\":\"https:\/\/ignatianspiritualityandyoga.com\/team\/alan-haras\/#primaryimage\",\"inLanguage\":\"es\",\"url\":\"https:\/\/ignatianspiritualityandyoga.com\/wp-content\/uploads\/2021\/09\/ignatian-spirituality-yoga-13.jpeg\",\"contentUrl\":\"https:\/\/ignatianspiritualityandyoga.com\/wp-content\/uploads\/2021\/09\/ignatian-spirituality-yoga-13.jpeg\",\"width\":508,\"height\":402},{\"@type\":\"WebPage\",\"@id\":\"https:\/\/ignatianspiritualityandyoga.com\/team\/alan-haras\/#webpage\",\"url\":\"https:\/\/ignatianspiritualityandyoga.com\/team\/alan-haras\/\",\"name\":\"Alan Haras - Ignatian Spirituality &amp; Yoga\",\"isPartOf\":{\"@id\":\"https:\/\/ignatianspiritualityandyoga.com\/#website\"},\"primaryImageOfPage\":{\"@id\":\"https:\/\/ignatianspiritualityandyoga.com\/team\/alan-haras\/#primaryimage\"},\"datePublished\":\"2021-09-08T10:22:00+00:00\",\"dateModified\":\"2025-08-21T01:12:15+00:00\",\"breadcrumb\":{\"@id\":\"https:\/\/ignatianspiritualityandyoga.com\/team\/alan-haras\/#breadcrumb\"},\"inLanguage\":\"es\",\"potentialAction\":[{\"@type\":\"ReadAction\",\"target\":[\"https:\/\/ignatianspiritualityandyoga.com\/team\/alan-haras\/\"]}]},{\"@type\":\"BreadcrumbList\",\"@id\":\"https:\/\/ignatianspiritualityandyoga.com\/team\/alan-haras\/#breadcrumb\",\"itemListElement\":[{\"@type\":\"ListItem\",\"position\":1,\"name\":\"Home\",\"item\":\"https:\/\/ignatianspiritualityandyoga.com\/\"},{\"@type\":\"ListItem\",\"position\":2,\"name\":\"Team Members\",\"item\":\"https:\/\/ignatianspiritualityandyoga.com\/team\/\"},{\"@type\":\"ListItem\",\"position\":3,\"name\":\"Alan Haras\"}]}]}<\/script>\n<!-- \/ Yoast SEO plugin. -->","yoast_head_json":{"title":"Alan Haras - Ignatian Spirituality &amp; Yoga","robots":{"index":"index","follow":"follow","max-snippet":"max-snippet:-1","max-image-preview":"max-image-preview:large","max-video-preview":"max-video-preview:-1"},"canonical":"https:\/\/ignatianspiritualityandyoga.com\/es\/team\/alan-haras\/","og_locale":"es_MX","og_type":"article","og_title":"Alan Haras - Ignatian Spirituality &amp; Yoga","og_description":"Alan Haras is a clinical social worker, psychotherapist, 800-hour Dharma Yoga Teacher, and Ignatian-trained spiritual director. With graduate degrees in both Religious Studies and Social Work, Alan has spent over 20 years immersed in the study of various theories of human development.\u00a0 His work takes place at the nexus between psychology and spirituality &#8211; with [&hellip;]","og_url":"https:\/\/ignatianspiritualityandyoga.com\/es\/team\/alan-haras\/","og_site_name":"Ignatian Spirituality &amp; Yoga","article_modified_time":"2025-08-21T01:12:15+00:00","og_image":[{"width":508,"height":402,"url":"https:\/\/ignatianspiritualityandyoga.com\/wp-content\/uploads\/2021\/09\/ignatian-spirituality-yoga-13.jpeg","type":"image\/jpeg"}],"twitter_card":"summary_large_image","twitter_misc":{"Tiempo de lectura":"1 minuto"},"schema":{"@context":"https:\/\/schema.org","@graph":[{"@type":"WebSite","@id":"https:\/\/ignatianspiritualityandyoga.com\/#website","url":"https:\/\/ignatianspiritualityandyoga.com\/","name":"Ignatian Spirituality &amp; Yoga","description":"","potentialAction":[{"@type":"SearchAction","target":{"@type":"EntryPoint","urlTemplate":"https:\/\/ignatianspiritualityandyoga.com\/?s={search_term_string}"},"query-input":"required name=search_term_string"}],"inLanguage":"es"},{"@type":"ImageObject","@id":"https:\/\/ignatianspiritualityandyoga.com\/team\/alan-haras\/#primaryimage","inLanguage":"es","url":"https:\/\/ignatianspiritualityandyoga.com\/wp-content\/uploads\/2021\/09\/ignatian-spirituality-yoga-13.jpeg","contentUrl":"https:\/\/ignatianspiritualityandyoga.com\/wp-content\/uploads\/2021\/09\/ignatian-spirituality-yoga-13.jpeg","width":508,"height":402},{"@type":"WebPage","@id":"https:\/\/ignatianspiritualityandyoga.com\/team\/alan-haras\/#webpage","url":"https:\/\/ignatianspiritualityandyoga.com\/team\/alan-haras\/","name":"Alan Haras - Ignatian Spirituality &amp; Yoga","isPartOf":{"@id":"https:\/\/ignatianspiritualityandyoga.com\/#website"},"primaryImageOfPage":{"@id":"https:\/\/ignatianspiritualityandyoga.com\/team\/alan-haras\/#primaryimage"},"datePublished":"2021-09-08T10:22:00+00:00","dateModified":"2025-08-21T01:12:15+00:00","breadcrumb":{"@id":"https:\/\/ignatianspiritualityandyoga.com\/team\/alan-haras\/#breadcrumb"},"inLanguage":"es","potentialAction":[{"@type":"ReadAction","target":["https:\/\/ignatianspiritualityandyoga.com\/team\/alan-haras\/"]}]},{"@type":"BreadcrumbList","@id":"https:\/\/ignatianspiritualityandyoga.com\/team\/alan-haras\/#breadcrumb","itemListElement":[{"@type":"ListItem","position":1,"name":"Home","item":"https:\/\/ignatianspiritualityandyoga.com\/"},{"@type":"ListItem","position":2,"name":"Team Members","item":"https:\/\/ignatianspiritualityandyoga.com\/team\/"},{"@type":"ListItem","position":3,"name":"Alan Haras"}]}]}},"_links":{"self":[{"href":"https:\/\/ignatianspiritualityandyoga.com\/es\/wp-json\/wp\/v2\/team\/164","targetHints":{"allow":["GET"]}}],"collection":[{"href":"https:\/\/ignatianspiritualityandyoga.com\/es\/wp-json\/wp\/v2\/team"}],"about":[{"href":"https:\/\/ignatianspiritualityandyoga.com\/es\/wp-json\/wp\/v2\/types\/team"}],"wp:featuredmedia":[{"embeddable":true,"href":"https:\/\/ignatianspiritualityandyoga.com\/es\/wp-json\/wp\/v2\/media\/505"}],"wp:attachment":[{"href":"https:\/\/ignatianspiritualityandyoga.com\/es\/wp-json\/wp\/v2\/media?parent=164"}],"curies":[{"name":"wp","href":"https:\/\/api.w.org\/{rel}","templated":true}]}}

<p><span style="font-weight: 400;">Alan Haras is a clinical social worker, psychotherapist, 800-hour Dharma Yoga Teacher, and Ignatian-trained spiritual director. With graduate degrees in both Religious Studies and Social Work, Alan has spent over 20 years immersed in the study of various theories of human development.  His work takes place at the nexus between psychology and spirituality &#8211; with a special interest in how religion and spiritual practice can support recovery from PTSD and moral injury and foster post-traumatic growth. Alan currently works as a therapist at the VA (Veteran Affairs) in Detroit.</span></p>
<p><span style="font-weight: 400;">Alan has received extensive training in various psychological and spiritual traditions, including:</span></p>
<ul>
<li><span style="font-weight: 400;">Ignatian Spirituality with Fr. Bernie Owens, SJ, Ann Dillon &amp; Fr. Justin Kelly, SJ</span></li>
<li><span style="font-weight: 400;">Hatha-Rāja Yoga with Sri Dharma Mittra</span></li>
<li><span style="font-weight: 400;">Bhakti Yoga and Śuddhādvaita Vedānta with Shyamdas</span></li>
<li><span style="font-weight: 400;">Jñāna Yoga and Advaita Vedānta with John Grimes, PhD</span></li>
</ul>
<p>&nbsp;</p>
<p><span style="font-weight: 400;">Alan&#8217;s courses, seminars and workshops are suffused with a deep appreciation for the world&#8217;s wisdom traditions; joyfully drawing upon a host of stories, anecdotes and teachings to illustrate shared themes of growth and transformation.  He lives in Rochester, Michigan.</span></p>
